{"id":37,"date":"2022-11-28T07:58:55","date_gmt":"2022-11-28T07:58:55","guid":{"rendered":"http:\/\/ll998nap.at.edis.global\/?page_id=37"},"modified":"2023-02-23T10:40:11","modified_gmt":"2023-02-23T10:40:11","slug":"ziele","status":"publish","type":"page","link":"https:\/\/alpaca-austria.com\/?page_id=37","title":{"rendered":"ZIELE"},"content":{"rendered":"\t\t<div data-elementor-type=\"wp-page\" data-elementor-id=\"37\" class=\"elementor elementor-37\" data-elementor-post-type=\"page\">\n\t\t\t\t\t\t<section class=\"elementor-section elementor-top-section elementor-element elementor-element-44e2a115 elementor-section-height-min-height elementor-section-boxed elementor-section-height-default elementor-section-items-middle\" data-id=\"44e2a115\" data-element_type=\"section\" data-settings=\"{&quot;background_background&quot;:&quot;classic&quot;}\">\n\t\t\t\t\t\t<div class=\"elementor-container elementor-column-gap-default\">\n\t\t\t\t\t<div class=\"elementor-column elementor-col-100 elementor-top-column elementor-element elementor-element-724dd2a1\" data-id=\"724dd2a1\" data-element_type=\"column\">\n\t\t\t<div class=\"elementor-widget-wrap\">\n\t\t\t\t\t\t\t<\/div>\n\t\t<\/div>\n\t\t\t\t\t<\/div>\n\t\t<\/section>\n\t\t\t\t<section class=\"elementor-section elementor-top-section elementor-element elementor-element-636b04d8 elementor-section-boxed elementor-section-height-default elementor-section-height-default\" data-id=\"636b04d8\" data-element_type=\"section\">\n\t\t\t\t\t\t<div class=\"elementor-container elementor-column-gap-default\">\n\t\t\t\t\t<div class=\"elementor-column elementor-col-100 elementor-top-column elementor-element elementor-element-3aea6ea3\" data-id=\"3aea6ea3\" data-element_type=\"column\">\n\t\t\t<div class=\"elementor-widget-wrap elementor-element-populated\">\n\t\t\t\t\t\t<div class=\"elementor-element elementor-element-53bae7b6 elementor-widget elementor-widget-image\" data-id=\"53bae7b6\" data-element_type=\"widget\" data-widget_type=\"image.default\">\n\t\t\t\t<div class=\"elementor-widget-container\">\n\t\t\t\t\t\t\t\t\t\t\t\t\t\t\t<img fetchpriority=\"high\" decoding=\"async\" width=\"536\" height=\"140\" src=\"https:\/\/alpaca-austria.com\/wp-content\/uploads\/2022\/11\/bildmarke_aaa-1-1.png\" class=\"attachment-large size-large wp-image-111\" alt=\"\" srcset=\"https:\/\/alpaca-austria.com\/wp-content\/uploads\/2022\/11\/bildmarke_aaa-1-1.png 536w, https:\/\/alpaca-austria.com\/wp-content\/uploads\/2022\/11\/bildmarke_aaa-1-1-300x78.png 300w\" sizes=\"(max-width: 536px) 100vw, 536px\" \/>\t\t\t\t\t\t\t\t\t\t\t\t\t\t\t<\/div>\n\t\t\t\t<\/div>\n\t\t\t\t<div class=\"elementor-element elementor-element-1c777d7f elementor-widget elementor-widget-heading\" data-id=\"1c777d7f\" data-element_type=\"widget\" data-widget_type=\"heading.default\">\n\t\t\t\t<div class=\"elementor-widget-container\">\n\t\t\t\t\t<h2 class=\"elementor-heading-title elementor-size-default\">ZIELE<\/h2>\t\t\t\t<\/div>\n\t\t\t\t<\/div>\n\t\t\t\t<div class=\"elementor-element elementor-element-3d41c3b7 elementor-widget elementor-widget-text-editor\" data-id=\"3d41c3b7\" data-element_type=\"widget\" data-widget_type=\"text-editor.default\">\n\t\t\t\t<div class=\"elementor-widget-container\">\n\t\t\t\t\t\t\t\t\t<p>Der Verein ist gemeinn\u00fctzig. Seine T\u00e4tigkeit ist nicht auf Gewinn ausgerichtet.<\/p><p><strong>Der Verein verfolgt nachstehende Ziele:<\/strong><\/p><ul><li>F\u00f6rderung der Haltung, Zucht und Nutzung von Alpakas<\/li><li>Verbesserung der Qualit\u00e4t in der Zucht von Alpakas<\/li><li>Unterst\u00fctzung beim Aufbau eines nationalen Alpakafaser Verarbeitungsgewerbes<\/li><li>Unterst\u00fctzung beim Aufbau eines nationalen Marktes f\u00fcr den Absatz der Alpakafaser<\/li><li>Veranstaltung von Weiterbildungsveranstaltungen, Seminaren, Workshops und Ausbildungsangeboten und Shows<\/li><li>\u00d6ffentlichkeitsarbeit zur Verbesserung des Allgemeinwissens \u00fcber Alpakas<\/li><li>F\u00f6rderung der tiergest\u00fctzten Aktivit\u00e4t und Therapie mit Alpakas<\/li><li>F\u00f6rderung der nationalen und internationalen Zusammenarbeit zwischen Vereinen, Verb\u00e4nden und Tierhaltern<\/li><li>Beratung und Information f\u00fcr \u00f6sterreichische Alpakahalter sowie Vertretung \u00f6sterreichischer Alpakahalter gegen\u00fcber nationalen und internationalen Organisationen<\/li><\/ul>\t\t\t\t\t\t\t\t<\/div>\n\t\t\t\t<\/div>\n\t\t\t\t\t<\/div>\n\t\t<\/div>\n\t\t\t\t\t<\/div>\n\t\t<\/section>\n\t\t\t\t<\/div>\n\t\t","protected":false},"excerpt":{"rendered":"<p>ZIELE Der Verein ist gemeinn\u00fctzig. Seine T\u00e4tigkeit ist nicht auf Gewinn ausgerichtet. Der Verein verfolgt nachstehende Ziele: F\u00f6rderung der Haltung, Zucht und Nutzung von Alpakas Verbesserung der Qualit\u00e4t in der Zucht von Alpakas Unterst\u00fctzung beim Aufbau eines nationalen Alpakafaser Verarbeitungsgewerbes Unterst\u00fctzung beim Aufbau eines nationalen Marktes f\u00fcr den Absatz der Alpakafaser Veranstaltung von Weiterbildungsveranstaltungen, Seminaren, [&hellip;]<\/p>\n","protected":false},"author":1,"featured_media":0,"parent":29,"menu_order":0,"comment_status":"closed","ping_status":"closed","template":"elementor_header_footer","meta":{"footnotes":""},"class_list":["post-37","page","type-page","status-publish","hentry"],"_links":{"self":[{"href":"https:\/\/alpaca-austria.com\/index.php?rest_route=\/wp\/v2\/pages\/37","targetHints":{"allow":["GET"]}}],"collection":[{"href":"https:\/\/alpaca-austria.com\/index.php?rest_route=\/wp\/v2\/pages"}],"about":[{"href":"https:\/\/alpaca-austria.com\/index.php?rest_route=\/wp\/v2\/types\/page"}],"author":[{"embeddable":true,"href":"https:\/\/alpaca-austria.com\/index.php?rest_route=\/wp\/v2\/users\/1"}],"replies":[{"embeddable":true,"href":"https:\/\/alpaca-austria.com\/index.php?rest_route=%2Fwp%2Fv2%2Fcomments&post=37"}],"version-history":[{"count":10,"href":"https:\/\/alpaca-austria.com\/index.php?rest_route=\/wp\/v2\/pages\/37\/revisions"}],"predecessor-version":[{"id":594,"href":"https:\/\/alpaca-austria.com\/index.php?rest_route=\/wp\/v2\/pages\/37\/revisions\/594"}],"up":[{"embeddable":true,"href":"https:\/\/alpaca-austria.com\/index.php?rest_route=\/wp\/v2\/pages\/29"}],"wp:attachment":[{"href":"https:\/\/alpaca-austria.com\/index.php?rest_route=%2Fwp%2Fv2%2Fmedia&parent=37"}],"curies":[{"name":"wp","href":"https:\/\/api.w.org\/{rel}","templated":true}]}}